{"id":4320,"date":"2025-09-04T21:02:41","date_gmt":"2025-09-04T19:02:41","guid":{"rendered":"http:\/\/stenbutikken.dk\/?page_id=4320"},"modified":"2025-09-06T01:51:33","modified_gmt":"2025-09-05T23:51:33","slug":"fossiler-og-forsteninger","status":"publish","type":"page","link":"https:\/\/stenbutikken.dk\/index.php\/fossiler-og-forsteninger\/","title":{"rendered":"Fossiler og forsteninger"},"content":{"rendered":"\n<h2>\n\t\t\tFossiler\/Forsteninger aftryk af forhistorisk liv\t<\/h2>\n\t<p>I danmark kender alle til forstenet s\u00f8pindsvin, og det er vel det mest almindlige fossil, som er en en forstening af en s\u00f8pindsvin som levede for 62 til 72 millioner \u00e5r siden. De \u00e6ldste primitive fundet s\u00f8pindsvin er 480 millioner \u00e5r gammel. (<a href=\"https:\/\/lex.dk\/s%C3%B8pindsvin\">Link til fossile s\u00f8pindsvin<\/a>)<\/p>\n\t\t\t\t<img decoding=\"async\" src=\"http:\/\/stenbutikken.dk\/wp-content\/uploads\/2025\/09\/DSCN8639.jpg\" alt=\"DSCN8639\" itemprop=\"image\" height=\"1704\" width=\"2272\" title=\"DSCN8639\" onerror=\"this.style.display='none'\" loading=\"lazy\" \/>\n\t<p>Men fossiler mere end s\u00f8pindsvin, i Danmark kan der findes en stor variation af fossiler, b\u00e5de i geologisk alder men ogs\u00e5 mange forsk\u00e6llige arter af insekter, dyr og planter<\/p>\n\n","protected":false},"excerpt":{"rendered":"<p>Fossiler\/Forsteninger aftryk af forhistorisk liv I danmark kender alle til forstenet s\u00f8pindsvin, og det er vel det mest almindlige fossil, som er en en forstening af en s\u00f8pindsvin som levede for 62 til 72 millioner \u00e5r siden. De \u00e6ldste primitive fundet s\u00f8pindsvin er 480 millioner \u00e5r gammel. (Link til fossile [&hellip;]<\/p>\n","protected":false},"author":1,"featured_media":0,"parent":0,"menu_order":0,"comment_status":"closed","ping_status":"closed","template":"","meta":{"_themeisle_gutenberg_block_has_review":false,"footnotes":""},"class_list":["post-4320","page","type-page","status-publish","hentry"],"_links":{"self":[{"href":"https:\/\/stenbutikken.dk\/index.php\/wp-json\/wp\/v2\/pages\/4320","targetHints":{"allow":["GET"]}}],"collection":[{"href":"https:\/\/stenbutikken.dk\/index.php\/wp-json\/wp\/v2\/pages"}],"about":[{"href":"https:\/\/stenbutikken.dk\/index.php\/wp-json\/wp\/v2\/types\/page"}],"author":[{"embeddable":true,"href":"https:\/\/stenbutikken.dk\/index.php\/wp-json\/wp\/v2\/users\/1"}],"replies":[{"embeddable":true,"href":"https:\/\/stenbutikken.dk\/index.php\/wp-json\/wp\/v2\/comments?post=4320"}],"version-history":[{"count":4,"href":"https:\/\/stenbutikken.dk\/index.php\/wp-json\/wp\/v2\/pages\/4320\/revisions"}],"predecessor-version":[{"id":4398,"href":"https:\/\/stenbutikken.dk\/index.php\/wp-json\/wp\/v2\/pages\/4320\/revisions\/4398"}],"wp:attachment":[{"href":"https:\/\/stenbutikken.dk\/index.php\/wp-json\/wp\/v2\/media?parent=4320"}],"curies":[{"name":"wp","href":"https:\/\/api.w.org\/{rel}","templated":true}]}}