{"id":4440,"date":"2025-09-08T17:04:08","date_gmt":"2025-09-08T15:04:08","guid":{"rendered":"http:\/\/stenbutikken.dk\/?page_id=4440"},"modified":"2025-09-18T18:24:51","modified_gmt":"2025-09-18T16:24:51","slug":"hillerslev-kalk-grav","status":"publish","type":"page","link":"https:\/\/stenbutikken.dk\/index.php\/hillerslev-kalk-grav\/","title":{"rendered":"Hillerslev kalk grav"},"content":{"rendered":"\n\n\tI kalkgraven er der gjort en del danekr\u00e6 fund, s\u00e6rlig sten og glassvampe, men ogs\u00e5 amonnitter kan findes.<br \/>\nKridtet er 66 til 72 ,illioner \u00e5r gammel og er dannet i den geologiske periode Maastrichtien. Det er s\u00e6rlig svampe der findes i kalkgraven.\n<p>Henrik Madsen har skrevet en god artikel om kalkgrave i det nordlige Jylland link <a href=\"https:\/\/www.vestjyskstenklub.dk\/galleri\/ALT%202018\/SVAMPE\/Havlevende%20svampe%20fra%20kridttiden.html\" target=\"_blank\" rel=\"noopener\">https:\/\/www.vestjyskstenklub.dk\/galleri\/ALT%202018\/SVAMPE\/Havlevende%20svampe%20fra%20kridttiden.html\u00a0<\/a><\/p>\n\n","protected":false},"excerpt":{"rendered":"<p>I kalkgraven er der gjort en del danekr\u00e6 fund, s\u00e6rlig sten og glassvampe, men ogs\u00e5 amonnitter kan findes. Kridtet er 66 til 72 ,illioner \u00e5r gammel og er dannet i den geologiske periode Maastrichtien. Det er s\u00e6rlig svampe der findes i kalkgraven. Henrik Madsen har skrevet en god artikel om [&hellip;]<\/p>\n","protected":false},"author":1,"featured_media":0,"parent":0,"menu_order":0,"comment_status":"closed","ping_status":"closed","template":"","meta":{"_themeisle_gutenberg_block_has_review":false,"footnotes":""},"class_list":["post-4440","page","type-page","status-publish","hentry"],"_links":{"self":[{"href":"https:\/\/stenbutikken.dk\/index.php\/wp-json\/wp\/v2\/pages\/4440","targetHints":{"allow":["GET"]}}],"collection":[{"href":"https:\/\/stenbutikken.dk\/index.php\/wp-json\/wp\/v2\/pages"}],"about":[{"href":"https:\/\/stenbutikken.dk\/index.php\/wp-json\/wp\/v2\/types\/page"}],"author":[{"embeddable":true,"href":"https:\/\/stenbutikken.dk\/index.php\/wp-json\/wp\/v2\/users\/1"}],"replies":[{"embeddable":true,"href":"https:\/\/stenbutikken.dk\/index.php\/wp-json\/wp\/v2\/comments?post=4440"}],"version-history":[{"count":5,"href":"https:\/\/stenbutikken.dk\/index.php\/wp-json\/wp\/v2\/pages\/4440\/revisions"}],"predecessor-version":[{"id":5546,"href":"https:\/\/stenbutikken.dk\/index.php\/wp-json\/wp\/v2\/pages\/4440\/revisions\/5546"}],"wp:attachment":[{"href":"https:\/\/stenbutikken.dk\/index.php\/wp-json\/wp\/v2\/media?parent=4440"}],"curies":[{"name":"wp","href":"https:\/\/api.w.org\/{rel}","templated":true}]}}