{"id":4459,"date":"2025-09-08T20:54:19","date_gmt":"2025-09-08T18:54:19","guid":{"rendered":"http:\/\/stenbutikken.dk\/?page_id=4459"},"modified":"2025-09-09T17:16:25","modified_gmt":"2025-09-09T15:16:25","slug":"mogenstrup-og-lyby","status":"publish","type":"page","link":"https:\/\/stenbutikken.dk\/index.php\/mogenstrup-og-lyby\/","title":{"rendered":"Mogenstrup og Lyby"},"content":{"rendered":"\n\n\t<p>Stranden mellem Mogenstrup og Lyby er kendt for sine krabbeboller, det kan dog v\u00e6re sv\u00e6rt at finde nogle og man er langtfra altid heldig at der er fossiler i bollerne. Skr\u00e6nterne er \u00f8ver Oligoc\u00e6n over er mellem 23 til 33 miloner \u00e5r gamle.<\/p>\n<p>&nbsp;<\/p>\n\t\t\t\t<img decoding=\"async\" src=\"http:\/\/stenbutikken.dk\/wp-content\/uploads\/2025\/09\/lyby-artikel.jpg\" alt=\"lyby-artikel\" itemprop=\"image\" height=\"532\" width=\"800\" title=\"lyby-artikel\" onerror=\"this.style.display='none'\" loading=\"lazy\" \/>\n\t\t\t\t<img decoding=\"async\" src=\"http:\/\/stenbutikken.dk\/wp-content\/uploads\/2025\/09\/lybystrand-a.jpg\" alt=\"lybystrand-a\" itemprop=\"image\" height=\"262\" width=\"400\" title=\"lybystrand-a\" onerror=\"this.style.display='none'\" loading=\"lazy\" \/>\n\n","protected":false},"excerpt":{"rendered":"<p>Stranden mellem Mogenstrup og Lyby er kendt for sine krabbeboller, det kan dog v\u00e6re sv\u00e6rt at finde nogle og man er langtfra altid heldig at der er fossiler i bollerne. Skr\u00e6nterne er \u00f8ver Oligoc\u00e6n over er mellem 23 til 33 miloner \u00e5r gamle. &nbsp;<\/p>\n","protected":false},"author":1,"featured_media":0,"parent":0,"menu_order":0,"comment_status":"closed","ping_status":"closed","template":"","meta":{"_themeisle_gutenberg_block_has_review":false,"footnotes":""},"class_list":["post-4459","page","type-page","status-publish","hentry"],"_links":{"self":[{"href":"https:\/\/stenbutikken.dk\/index.php\/wp-json\/wp\/v2\/pages\/4459","targetHints":{"allow":["GET"]}}],"collection":[{"href":"https:\/\/stenbutikken.dk\/index.php\/wp-json\/wp\/v2\/pages"}],"about":[{"href":"https:\/\/stenbutikken.dk\/index.php\/wp-json\/wp\/v2\/types\/page"}],"author":[{"embeddable":true,"href":"https:\/\/stenbutikken.dk\/index.php\/wp-json\/wp\/v2\/users\/1"}],"replies":[{"embeddable":true,"href":"https:\/\/stenbutikken.dk\/index.php\/wp-json\/wp\/v2\/comments?post=4459"}],"version-history":[{"count":4,"href":"https:\/\/stenbutikken.dk\/index.php\/wp-json\/wp\/v2\/pages\/4459\/revisions"}],"predecessor-version":[{"id":4496,"href":"https:\/\/stenbutikken.dk\/index.php\/wp-json\/wp\/v2\/pages\/4459\/revisions\/4496"}],"wp:attachment":[{"href":"https:\/\/stenbutikken.dk\/index.php\/wp-json\/wp\/v2\/media?parent=4459"}],"curies":[{"name":"wp","href":"https:\/\/api.w.org\/{rel}","templated":true}]}}