{"id":4517,"date":"2025-09-09T19:47:14","date_gmt":"2025-09-09T17:47:14","guid":{"rendered":"http:\/\/stenbutikken.dk\/?page_id=4517"},"modified":"2025-09-09T19:47:14","modified_gmt":"2025-09-09T17:47:14","slug":"gram-lergrav","status":"publish","type":"page","link":"https:\/\/stenbutikken.dk\/index.php\/gram-lergrav\/","title":{"rendered":"Gram Lergrav"},"content":{"rendered":"\n\n\t<p>Jeg har aldrig v\u00e6re i Gram lergrav, men der skulle genmen tiden v\u00e6re fundet hajt\u00e6nder, hvalskelet, snegle m.v.<\/p>\n\n","protected":false},"excerpt":{"rendered":"<p>Jeg har aldrig v\u00e6re i Gram lergrav, men der skulle genmen tiden v\u00e6re fundet hajt\u00e6nder, hvalskelet, snegle m.v.<\/p>\n","protected":false},"author":1,"featured_media":0,"parent":0,"menu_order":0,"comment_status":"closed","ping_status":"closed","template":"","meta":{"_themeisle_gutenberg_block_has_review":false,"footnotes":""},"class_list":["post-4517","page","type-page","status-publish","hentry"],"_links":{"self":[{"href":"https:\/\/stenbutikken.dk\/index.php\/wp-json\/wp\/v2\/pages\/4517","targetHints":{"allow":["GET"]}}],"collection":[{"href":"https:\/\/stenbutikken.dk\/index.php\/wp-json\/wp\/v2\/pages"}],"about":[{"href":"https:\/\/stenbutikken.dk\/index.php\/wp-json\/wp\/v2\/types\/page"}],"author":[{"embeddable":true,"href":"https:\/\/stenbutikken.dk\/index.php\/wp-json\/wp\/v2\/users\/1"}],"replies":[{"embeddable":true,"href":"https:\/\/stenbutikken.dk\/index.php\/wp-json\/wp\/v2\/comments?post=4517"}],"version-history":[{"count":2,"href":"https:\/\/stenbutikken.dk\/index.php\/wp-json\/wp\/v2\/pages\/4517\/revisions"}],"predecessor-version":[{"id":4520,"href":"https:\/\/stenbutikken.dk\/index.php\/wp-json\/wp\/v2\/pages\/4517\/revisions\/4520"}],"wp:attachment":[{"href":"https:\/\/stenbutikken.dk\/index.php\/wp-json\/wp\/v2\/media?parent=4517"}],"curies":[{"name":"wp","href":"https:\/\/api.w.org\/{rel}","templated":true}]}}