{"id":5623,"date":"2026-02-02T09:42:51","date_gmt":"2026-02-02T08:42:51","guid":{"rendered":"https:\/\/stenbutikken.dk\/?post_type=product&#038;p=5623"},"modified":"2026-02-02T09:51:05","modified_gmt":"2026-02-02T08:51:05","slug":"spinosaurus-taender-10-stk","status":"publish","type":"product","link":"https:\/\/stenbutikken.dk\/index.php\/product\/spinosaurus-taender-10-stk\/","title":{"rendered":"Spinosaurus t\u00e6nder 10 stk."},"content":{"rendered":"<p>Spinosaurus t\u00e6nder 10 stk. Ialt 214 gram, mellem 112-97 millioner \u00e5r gammel, fra Marokko. Prisen er ink forsendelse i Danmark. Vare nr. 0003<\/p>\n","protected":false},"excerpt":{"rendered":"<p>Spinosaurus t\u00e6nder 10 stk. Ialt 214 gram, mellem 112-97 millioner \u00e5r gammel, fra Marokko. Prisen er ink forsendelse i Danmark. Vare nr. 0003<\/p>\n","protected":false},"featured_media":5624,"comment_status":"open","ping_status":"closed","template":"","meta":{"_themeisle_gutenberg_block_has_review":false},"product_brand":[],"product_cat":[51],"product_tag":[],"class_list":{"0":"post-5623","1":"product","2":"type-product","3":"status-publish","4":"has-post-thumbnail","6":"product_cat-fossiler","8":"first","9":"instock","10":"shipping-taxable","11":"purchasable","12":"product-type-simple"},"_links":{"self":[{"href":"https:\/\/stenbutikken.dk\/index.php\/wp-json\/wp\/v2\/product\/5623","targetHints":{"allow":["GET"]}}],"collection":[{"href":"https:\/\/stenbutikken.dk\/index.php\/wp-json\/wp\/v2\/product"}],"about":[{"href":"https:\/\/stenbutikken.dk\/index.php\/wp-json\/wp\/v2\/types\/product"}],"replies":[{"embeddable":true,"href":"https:\/\/stenbutikken.dk\/index.php\/wp-json\/wp\/v2\/comments?post=5623"}],"wp:featuredmedia":[{"embeddable":true,"href":"https:\/\/stenbutikken.dk\/index.php\/wp-json\/wp\/v2\/media\/5624"}],"wp:attachment":[{"href":"https:\/\/stenbutikken.dk\/index.php\/wp-json\/wp\/v2\/media?parent=5623"}],"wp:term":[{"taxonomy":"product_brand","embeddable":true,"href":"https:\/\/stenbutikken.dk\/index.php\/wp-json\/wp\/v2\/product_brand?post=5623"},{"taxonomy":"product_cat","embeddable":true,"href":"https:\/\/stenbutikken.dk\/index.php\/wp-json\/wp\/v2\/product_cat?post=5623"},{"taxonomy":"product_tag","embeddable":true,"href":"https:\/\/stenbutikken.dk\/index.php\/wp-json\/wp\/v2\/product_tag?post=5623"}],"curies":[{"name":"wp","href":"https:\/\/api.w.org\/{rel}","templated":true}]}}